9
What is the greatest common divisor of 72 and 1787715?
9
What is the highest common factor of 211687 and 511?
7
What is the highest common divisor of 134867844 and 24?
12
Calculate the highest common divisor of 614495 and 1785.
35
Calculate the greatest common divisor of 17772861 and 3021.
159
Calculate the highest common divisor of 27138672 and 972.
108
Calculate the highest common factor of 535176 and 13005.
9
Calculate the greatest common divisor of 539 and 4986485.
49
Calculate the highest common factor of 6 and 860478.
6
What is the highest common divisor of 40711608 and 360?
72
Calculate the highest common factor of 34329048 and 32604.
2964
What is the greatest common factor of 173 and 56572211?
173
What is the highest common factor of 56803 and 24467?
43
What is the highest common factor of 18606776 and 326?
326
Calculate the greatest common factor of 81 and 2175372.
9
Calculate the highest common divisor of 64943132 and 9716.
1388
Calculate the highest common divisor of 80 and 533340.
20
What is the greatest common divisor of 2087424 and 127872?
3456
What is the highest common factor of 39249089 and 141?
47
What is the highest common divisor of 3303264 and 383040?
1824
Calculate the greatest common divisor of 1205 and 52064435.
1205
What is the highest common factor of 4347 and 9270?
9
What is the greatest common divisor of 216098 and 116566?
334
What is the highest common factor of 352 and 6213328?
176
What is the highest common divisor of 827499002 and 22?
22
What is the greatest common divisor of 565383 and 621699?
741
What is the highest common divisor of 112 and 18176?
16
What is the highest common factor of 9 and 202840353?
9
What is the greatest common factor of 37 and 14547475?
37
What is the greatest common factor of 10215 and 162711?
9
Calculate the highest common factor of 3772917 and 52452.
279
What is the highest common factor of 7133115 and 3300?
165
What is the greatest common factor of 6109079 and 3824?
239
Calculate the highest common factor of 534279945 and 172.
43
Calculate the highest common divisor of 3528 and 3106404.
1764
Calculate the greatest common divisor of 294743 and 7712.
241
Calculate the greatest common divisor of 112468 and 886139.
907
Calculate the greatest common factor of 374 and 2750974.
34
What is the highest common divisor of 15 and 2444305?
5
What is the greatest common divisor of 170 and 65257662?
34
What is the greatest common divisor of 26338604 and 1552?
388
Calculate the greatest common factor of 1847145 and 915.
15
What is the greatest common factor of 273 and 9176440?
91
Calculate the greatest common divisor of 1222 and 794768637.
611
What is the greatest common divisor of 903 and 1748964?
21
What is the greatest common divisor of 135 and 23470452?
27
What is the greatest common factor of 20 and 710338150?
10
Calculate the greatest common divisor of 255 and 938592.
3
What is the highest common divisor of 1738 and 985402?
22
What is the greatest common divisor of 732066 and 30?
6
Calculate the highest common factor of 6731 and 1269365.
127
What is the greatest common divisor of 4806 and 14020170?
534
Calculate the greatest common divisor of 148 and 232249.
37
Calculate the highest common factor of 3360893 and 123.
41
What is the greatest common divisor of 10970105 and 5?
5
What is the greatest common factor of 3196 and 56899?
17
What is the highest common factor of 25600 and 75360?
160
Calculate the greatest common factor of 55350 and 1399350.
150
What is the greatest common divisor of 135 and 14088315?
15
Calculate the greatest common divisor of 114129 and 36618501.
4227
Calculate the highest common factor of 13746 and 3638340.
174
What is the highest common divisor of 51455008 and 2328?
776
Calculate the highest common divisor of 94648944 and 91.
13
What is the greatest common factor of 72447945 and 165?
15
What is the greatest common divisor of 8040 and 936?
24
Calculate the greatest common factor of 12 and 3934467.
3
What is the greatest common factor of 4264756 and 340?
68
Calculate the highest common divisor of 47400507 and 308.
77
What is the highest common factor of 20 and 8498390?
10
Calculate the greatest common divisor of 12136 and 1738072.
328
Calculate the greatest common factor of 14201 and 16939211.
1291
What is the greatest common divisor of 274 and 385966?
2
Calculate the highest common divisor of 63 and 57053871.
63
Calculate the greatest common divisor of 1711 and 4214773.
29
Calculate the greatest common divisor of 346952 and 824.
8
What is the highest common factor of 5889016 and 2352?
392
Calculate the highest common divisor of 109588278 and 2454.
2454
What is the greatest common factor of 585005744 and 19?
19
Calculate the highest common divisor of 81619470 and 1065.
1065
What is the greatest common divisor of 323 and 4500359?
323
Calculate the highest common divisor of 1252 and 27148.
4
Calculate the greatest common divisor of 9928 and 1374518.
34
Calculate the highest common divisor of 2537 and 1216169.
43
What is the greatest common factor of 6144885 and 105?
15
Calculate the highest common factor of 22176 and 20718432.
2016
Calculate the highest common factor of 83 and 277524029.
83
What is the greatest common factor of 12756 and 2522499?
3189
What is the greatest common factor of 1003067796 and 10776?
5388
What is the greatest common factor of 784 and 3207148?
196
What is the greatest common factor of 1411 and 418880?
17
Calculate the greatest common factor of 4409199 and 9.
9
What is the greatest common factor of 10 and 33769790?
10
What is the greatest common factor of 2057235 and 14881?
23
Calculate the greatest common divisor of 62061428 and 26.
26
Calculate the greatest common divisor of 17766 and 3740730.
1974
Calculate the highest common factor of 2929 and 611146.
29
What is the greatest common divisor of 344 and 9710174?
86
What is the highest common divisor of 645789703 and 1963?
1963
What is the greatest common divisor of 28644 and 1071980?
868
What is the greatest common factor of 12800 and 952800?
800
What is the greatest common factor of 300504066 and 18?
6
What is the greatest common factor of 992 and 17194708?
124
What is the greatest common factor of 400395 and 705?
15
Calculate the highest common divisor of 9945489 and 555.
111
What is the highest common factor of 1580 and 1675432?
316
Calculate the highest common divisor of 88038 and 1378386.
1314
Calculate the highest common divisor of 19280 and 77130845.
1205
What is the highest common divisor of 125000 and 3740?
20
What is the greatest common factor of 7027658 and 2167?
11
Calculate the highest common factor of 28576 and 744762.
1786
Calculate the greatest common divisor of 4965853 and 28084.
1003
What is the highest common factor of 289959128 and 4792?
4792
What is the highest common divisor of 194 and 2278?
2
Calculate the greatest common divisor of 107968 and 727195328.
15424
What is the greatest common factor of 226 and 15250706?
226
What is the greatest common divisor of 1945401812 and 596?
596
Calculate the greatest common divisor of 208058120 and 160.
40
What is the highest common factor of 155 and 239548005?
155
Calculate the greatest common factor of 22958879 and 79763.
2573
Calculate the greatest common divisor of 8 and 2064872.
8
What is the greatest common factor of 15501034 and 2624?
82
What is the highest common divisor of 432 and 1876912?
16
Calculate the highest common factor of 1452570 and 10.
10
Calculate the greatest common divisor of 189398721 and 2829.
2829
What is the highest common divisor of 9214 and 152046989?
271
What is the greatest common divisor of 426756 and 13621?
53
Calculate the highest common divisor of 104 and 31311956.
52
What is the highest common factor of 22 and 3122206?
2
Calculate the highest common divisor of 7635018 and 6.
6
What is the greatest common factor of 120 and 392361780?
60
Calculate the highest common divisor of 5355988 and 924.
44
What is the greatest common divisor of 5073121 and 14597?
1327
Calculate the greatest common divisor of 6090921 and 51.
3
What is the greatest common divisor of 1155 and 919726885?
385
Calculate the highest common factor of 641527 and 92692828.
15647
Calculate the greatest common factor of 105804 and 3606